{"id":3706,"date":"2025-04-08T11:34:05","date_gmt":"2025-04-08T09:34:05","guid":{"rendered":"https:\/\/www.duchein.ch\/?post_type=project&#038;p=3706"},"modified":"2025-05-13T10:39:28","modified_gmt":"2025-05-13T08:39:28","slug":"schuelerferienheim-charmey","status":"publish","type":"project","link":"https:\/\/www.duchein.ch\/de\/project\/schuelerferienheim-charmey\/","title":{"rendered":"Sch\u00fclerferienheim Charmey"},"content":{"rendered":"<p>[et_pb_section fb_built=&#8220;1&#8243; _builder_version=&#8220;4.16&#8243; _module_preset=&#8220;default&#8220; global_colors_info=&#8220;{}&#8220;][et_pb_row column_structure=&#8220;3_4,1_4&#8243; _builder_version=&#8220;4.16&#8243; _module_preset=&#8220;default&#8220; global_colors_info=&#8220;{}&#8220;][et_pb_column type=&#8220;3_4&#8243; _builder_version=&#8220;4.16&#8243; _module_preset=&#8220;default&#8220; global_colors_info=&#8220;{}&#8220;][et_pb_image src=&#8220;https:\/\/www.duchein.ch\/wp-content\/uploads\/2025\/04\/19140-Schulerferienheim-aussen.jpg&#8220; title_text=&#8220;Sch\u00fclerferienheim Charmey&#8220; admin_label=&#8220;Image&#8220; _builder_version=&#8220;4.27.4&#8243; _module_preset=&#8220;default&#8220; global_colors_info=&#8220;{}&#8220;][\/et_pb_image][et_pb_image src=&#8220;https:\/\/www.duchein.ch\/wp-content\/uploads\/2025\/05\/19140-Schulerferienheim-aussen2-1.jpg&#8220; title_text=&#8220;19140 Sch\u00fclerferienheim aussen2&#8243; admin_label=&#8220;Image&#8220; _builder_version=&#8220;4.27.4&#8243; _module_preset=&#8220;default&#8220; hover_enabled=&#8220;0&#8243; global_colors_info=&#8220;{}&#8220; sticky_enabled=&#8220;0&#8243;][\/et_pb_image][et_pb_image src=&#8220;https:\/\/www.duchein.ch\/wp-content\/uploads\/2025\/04\/CHAR_Arses_60-AK24024.jpg&#8220; title_text=&#8220;Sch\u00fclerferienheim Charmey&#8220; admin_label=&#8220;Image&#8220; _builder_version=&#8220;4.27.4&#8243; _module_preset=&#8220;default&#8220; global_colors_info=&#8220;{}&#8220;][\/et_pb_image][et_pb_image src=&#8220;https:\/\/www.duchein.ch\/wp-content\/uploads\/2025\/04\/CHAR_Arses_60-AK24034.jpg&#8220; title_text=&#8220;Sch\u00fclerferienheim Charmey&#8220; admin_label=&#8220;Image&#8220; _builder_version=&#8220;4.27.4&#8243; _module_preset=&#8220;default&#8220; global_colors_info=&#8220;{}&#8220;][\/et_pb_image][et_pb_image src=&#8220;https:\/\/www.duchein.ch\/wp-content\/uploads\/2025\/04\/CHAR_Arses_60-AK24045.jpg&#8220; title_text=&#8220;Sch\u00fclerferienheim Charmey&#8220; admin_label=&#8220;Image&#8220; _builder_version=&#8220;4.27.4&#8243; _module_preset=&#8220;default&#8220; global_colors_info=&#8220;{}&#8220;][\/et_pb_image][et_pb_text _builder_version=&#8220;4.27.4&#8243; _module_preset=&#8220;default&#8220; text_font_size=&#8220;12px&#8220; locked=&#8220;off&#8220; global_colors_info=&#8220;{}&#8220;]<\/p>\n<p>\u00a9 Amt f\u00fcr Kulturg\u00fcter, Kanton Freiburg<\/p>\n<p>[\/et_pb_text][et_pb_post_nav _builder_version=&#8220;4.16&#8243; _module_preset=&#8220;default&#8220; custom_css_main_element=&#8220;width: 100%!important;&#8220; locked=&#8220;off&#8220; global_colors_info=&#8220;{%22gcid-a6e4efe6-0bfd-474d-bd08-86e1c2388126%22:%91%22title_text_color__hover%22%93}&#8220; filter_saturate__hover_enabled=&#8220;on|hover&#8220; filter_saturate__hover=&#8220;&#8220; title_text_color__hover_enabled=&#8220;on|hover&#8220; title_text_color__hover=&#8220;#666666&#8243;][\/et_pb_post_nav][\/et_pb_column][et_pb_column type=&#8220;1_4&#8243; _builder_version=&#8220;4.16&#8243; _module_preset=&#8220;default&#8220; global_colors_info=&#8220;{}&#8220;][et_pb_blurb title=&#8220;@ET-DC@eyJkeW5hbWljIjp0cnVlLCJjb250ZW50IjoicG9zdF90aXRsZSIsInNldHRpbmdzIjp7ImJlZm9yZSI6IiIsImFmdGVyIjoiIn19@&#8220; _builder_version=&#8220;4.27.4&#8243; _dynamic_attributes=&#8220;title&#8220; _module_preset=&#8220;default&#8220; header_text_color=&#8220;gcid-8fddec47-a713-4d10-b006-5bc318290bd1&#8243; custom_padding=&#8220;50px||0px||false|false&#8220; hover_enabled=&#8220;0&#8243; global_colors_info=&#8220;{%22gcid-8fddec47-a713-4d10-b006-5bc318290bd1%22:%91%22header_text_color%22%93}&#8220; sticky_enabled=&#8220;0&#8243;]<\/p>\n<div class=\"field field-name-field-body field-type-text-long field-label-hidden\">\n<div class=\"field-items\">\n<div class=\"field-item even\">\n<p><strong>Bauherr<\/strong><br \/>Stadt Z\u00fcrich<br \/>Amt f\u00fcr Hochbauten<br \/>Lindenhofstrasse 21<br \/>8021 Z\u00fcrich<br \/>Tel. 044 412 11 11<\/p>\n<p><strong>Architekt<\/strong><br \/>Matei Manaila Architekten<br \/>Eibenstrasse 9<br \/>8045 Z\u00fcrich<br \/>Tel. 044 363 67 55<\/p>\n<p><strong>Projekt<\/strong><br \/>Gesamtsanierung eines Sch\u00fclerferienheimes mit einem Speisesaal und Atrium f\u00fcr max. 100 Personen, Gastrok\u00fcche und 19 Mehrbett-Zimmern mit Lavabos. Im Untergeschoss sind Gemeinschaftsduschen mit Kabinen f\u00fcr 12 Personen, Toilettenanlagen f\u00fcr 6 Personen, sowie eine Waschk\u00fcche f\u00fcr den Betrieb untergebracht. Zus\u00e4tzlich gibt es separat vermietbare Einheiten mit eigenen Nasszellen und K\u00fcchen, zwei kombinierbare Studios und eine Ferienwohnung. Der Bau ist als Kulturgut des Kantons Freiburg erfasst.<br \/>Totalkosten CHF 10.7 Mio<br \/>Kosten Sanit\u00e4rinstallationen CHF 750&#8217;000<br \/>Zeitraum 2019 &#8211; 2023<br \/>Leistungen 100% SIA 108 Ingenieur Sanit\u00e4r<\/p>\n<\/div>\n<\/div>\n<\/div>\n<p>[\/et_pb_blurb][et_pb_text _builder_version=&#8220;4.16&#8243; _dynamic_attributes=&#8220;link_option_url&#8220; _module_preset=&#8220;default&#8220; text_text_color=&#8220;gcid-8fddec47-a713-4d10-b006-5bc318290bd1&#8243; link_option_url=&#8220;@ET-DC@eyJkeW5hbWljIjp0cnVlLCJjb250ZW50IjoicG9zdF9saW5rX3VybF9wYWdlIiwic2V0dGluZ3MiOnsicG9zdF9pZCI6IjI5NCJ9fQ==@&#8220; locked=&#8220;off&#8220; global_colors_info=&#8220;{%22gcid-8fddec47-a713-4d10-b006-5bc318290bd1%22:%91%22text_text_color%22%93,%22gcid-a6e4efe6-0bfd-474d-bd08-86e1c2388126%22:%91%22text_text_color__hover%22%93}&#8220; text_text_color__hover_enabled=&#8220;on|desktop&#8220; text_text_color__hover=&#8220;#666666&#8243;]<\/p>\n<p><i class=\"fab fa-buromobelexperte fa-4x\"><\/i><br \/>zur\u00fcck<\/p>\n<p>[\/et_pb_text][\/et_pb_column][\/et_pb_row][\/et_pb_section]<\/p>\n","protected":false},"excerpt":{"rendered":"<p>\u00a9 Amt f\u00fcr Kulturg\u00fcter, Kanton Freiburg BauherrStadt Z\u00fcrichAmt f\u00fcr HochbautenLindenhofstrasse 218021 Z\u00fcrichTel. 044 412 11 11 ArchitektMatei Manaila ArchitektenEibenstrasse 98045 Z\u00fcrichTel. 044 363 67 55 ProjektGesamtsanierung eines Sch\u00fclerferienheimes mit einem Speisesaal und Atrium f\u00fcr max. 100 Personen, Gastrok\u00fcche und 19 Mehrbett-Zimmern mit Lavabos. Im Untergeschoss sind Gemeinschaftsduschen mit Kabinen f\u00fcr 12 Personen, Toilettenanlagen f\u00fcr 6 [&hellip;]<\/p>\n","protected":false},"author":2,"featured_media":3659,"comment_status":"open","ping_status":"closed","template":"","meta":{"_et_pb_use_builder":"on","_et_pb_old_content":"","_et_gb_content_width":"","inline_featured_image":false,"footnotes":""},"project_category":[41,34,42],"project_tag":[],"class_list":["post-3706","project","type-project","status-publish","has-post-thumbnail","hentry","project_category-loisirs-de","project_category-home_bas-de","project_category-culture-societe-de"],"jetpack_sharing_enabled":true,"_links":{"self":[{"href":"https:\/\/www.duchein.ch\/de\/wp-json\/wp\/v2\/project\/3706","targetHints":{"allow":["GET"]}}],"collection":[{"href":"https:\/\/www.duchein.ch\/de\/wp-json\/wp\/v2\/project"}],"about":[{"href":"https:\/\/www.duchein.ch\/de\/wp-json\/wp\/v2\/types\/project"}],"author":[{"embeddable":true,"href":"https:\/\/www.duchein.ch\/de\/wp-json\/wp\/v2\/users\/2"}],"replies":[{"embeddable":true,"href":"https:\/\/www.duchein.ch\/de\/wp-json\/wp\/v2\/comments?post=3706"}],"version-history":[{"count":6,"href":"https:\/\/www.duchein.ch\/de\/wp-json\/wp\/v2\/project\/3706\/revisions"}],"predecessor-version":[{"id":3769,"href":"https:\/\/www.duchein.ch\/de\/wp-json\/wp\/v2\/project\/3706\/revisions\/3769"}],"wp:featuredmedia":[{"embeddable":true,"href":"https:\/\/www.duchein.ch\/de\/wp-json\/wp\/v2\/media\/3659"}],"wp:attachment":[{"href":"https:\/\/www.duchein.ch\/de\/wp-json\/wp\/v2\/media?parent=3706"}],"wp:term":[{"taxonomy":"project_category","embeddable":true,"href":"https:\/\/www.duchein.ch\/de\/wp-json\/wp\/v2\/project_category?post=3706"},{"taxonomy":"project_tag","embeddable":true,"href":"https:\/\/www.duchein.ch\/de\/wp-json\/wp\/v2\/project_tag?post=3706"}],"curies":[{"name":"wp","href":"https:\/\/api.w.org\/{rel}","templated":true}]}}

Schülerferienheim Charmey

<p>[et_pb_section fb_built=&#8220;1&#8243; _builder_version=&#8220;4.16&#8243; _module_preset=&#8220;default&#8220; global_colors_info=&#8220;{}&#8220;][et_pb_row column_structure=&#8220;3_4,1_4&#8243; _builder_version=&#8220;4.16&#8243; _module_preset=&#8220;default&#8220; global_colors_info=&#8220;{}&#8220;][et_pb_column type=&#8220;3_4&#8243; _builder_version=&#8220;4.16&#8243; _module_preset=&#8220;default&#8220; global_colors_info=&#8220;{}&#8220;][et_pb_image src=&#8220;https://www.duchein.ch/wp-content/uploads/2025/04/19140-Schulerferienheim-aussen.jpg&#8220; title_text=&#8220;Schülerferienheim Charmey&#8220; admin_label=&#8220;Image&#8220; _builder_version=&#8220;4.27.4&#8243; _module_preset=&#8220;default&#8220; global_colors_info=&#8220;{}&#8220;][/et_pb_image][et_pb_image src=&#8220;https://www.duchein.ch/wp-content/uploads/2025/05/19140-Schulerferienheim-aussen2-1.jpg&#8220; title_text=&#8220;19140 Schülerferienheim aussen2&#8243; admin_label=&#8220;Image&#8220; _builder_version=&#8220;4.27.4&#8243; _module_preset=&#8220;default&#8220; hover_enabled=&#8220;0&#8243; global_colors_info=&#8220;{}&#8220; sticky_enabled=&#8220;0&#8243;][/et_pb_image][et_pb_image src=&#8220;https://www.duchein.ch/wp-content/uploads/2025/04/CHAR_Arses_60-AK24024.jpg&#8220; title_text=&#8220;Schülerferienheim Charmey&#8220; admin_label=&#8220;Image&#8220; _builder_version=&#8220;4.27.4&#8243; _module_preset=&#8220;default&#8220; global_colors_info=&#8220;{}&#8220;][/et_pb_image][et_pb_image src=&#8220;https://www.duchein.ch/wp-content/uploads/2025/04/CHAR_Arses_60-AK24034.jpg&#8220; title_text=&#8220;Schülerferienheim Charmey&#8220; admin_label=&#8220;Image&#8220; _builder_version=&#8220;4.27.4&#8243; _module_preset=&#8220;default&#8220; global_colors_info=&#8220;{}&#8220;][/et_pb_image][et_pb_image src=&#8220;https://www.duchein.ch/wp-content/uploads/2025/04/CHAR_Arses_60-AK24045.jpg&#8220; title_text=&#8220;Schülerferienheim Charmey&#8220; admin_label=&#8220;Image&#8220; _builder_version=&#8220;4.27.4&#8243; _module_preset=&#8220;default&#8220; global_colors_info=&#8220;{}&#8220;][/et_pb_image][et_pb_text _builder_version=&#8220;4.27.4&#8243; _module_preset=&#8220;default&#8220; text_font_size=&#8220;12px&#8220; locked=&#8220;off&#8220; global_colors_info=&#8220;{}&#8220;]</p>
<p>© Amt für Kulturgüter, Kanton Freiburg</p>
<p>[/et_pb_text][et_pb_post_nav _builder_version=&#8220;4.16&#8243; _module_preset=&#8220;default&#8220; custom_css_main_element=&#8220;width: 100%!important;&#8220; locked=&#8220;off&#8220; global_colors_info=&#8220;{%22gcid-a6e4efe6-0bfd-474d-bd08-86e1c2388126%22:%91%22title_text_color__hover%22%93}&#8220; filter_saturate__hover_enabled=&#8220;on|hover&#8220; filter_saturate__hover=&#8220;&#8220; title_text_color__hover_enabled=&#8220;on|hover&#8220; title_text_color__hover=&#8220;#666666&#8243;][/et_pb_post_nav][/et_pb_column][et_pb_column type=&#8220;1_4&#8243; _builder_version=&#8220;4.16&#8243; _module_preset=&#8220;default&#8220; global_colors_info=&#8220;{}&#8220;][et_pb_blurb title=&#8220;@ET-DC@eyJkeW5hbWljIjp0cnVlLCJjb250ZW50IjoicG9zdF90aXRsZSIsInNldHRpbmdzIjp7ImJlZm9yZSI6IiIsImFmdGVyIjoiIn19@&#8220; _builder_version=&#8220;4.27.4&#8243; _dynamic_attributes=&#8220;title&#8220; _module_preset=&#8220;default&#8220; header_text_color=&#8220;gcid-8fddec47-a713-4d10-b006-5bc318290bd1&#8243; custom_padding=&#8220;50px||0px||false|false&#8220; hover_enabled=&#8220;0&#8243; global_colors_info=&#8220;{%22gcid-8fddec47-a713-4d10-b006-5bc318290bd1%22:%91%22header_text_color%22%93}&#8220; sticky_enabled=&#8220;0&#8243;]</p>
<div class="field field-name-field-body field-type-text-long field-label-hidden">
<div class="field-items">
<div class="field-item even">
<p><strong>Bauherr</strong><br />Stadt Zürich<br />Amt für Hochbauten<br />Lindenhofstrasse 21<br />8021 Zürich<br />Tel. 044 412 11 11</p>
<p><strong>Architekt</strong><br />Matei Manaila Architekten<br />Eibenstrasse 9<br />8045 Zürich<br />Tel. 044 363 67 55</p>
<p><strong>Projekt</strong><br />Gesamtsanierung eines Schülerferienheimes mit einem Speisesaal und Atrium für max. 100 Personen, Gastroküche und 19 Mehrbett-Zimmern mit Lavabos. Im Untergeschoss sind Gemeinschaftsduschen mit Kabinen für 12 Personen, Toilettenanlagen für 6 Personen, sowie eine Waschküche für den Betrieb untergebracht. Zusätzlich gibt es separat vermietbare Einheiten mit eigenen Nasszellen und Küchen, zwei kombinierbare Studios und eine Ferienwohnung. Der Bau ist als Kulturgut des Kantons Freiburg erfasst.<br />Totalkosten CHF 10.7 Mio<br />Kosten Sanitärinstallationen CHF 750&#8217;000<br />Zeitraum 2019 &#8211; 2023<br />Leistungen 100% SIA 108 Ingenieur Sanitär</p>
</div>
</div>
</div>
<p>[/et_pb_blurb][et_pb_text _builder_version=&#8220;4.16&#8243; _dynamic_attributes=&#8220;link_option_url&#8220; _module_preset=&#8220;default&#8220; text_text_color=&#8220;gcid-8fddec47-a713-4d10-b006-5bc318290bd1&#8243; link_option_url=&#8220;@ET-DC@eyJkeW5hbWljIjp0cnVlLCJjb250ZW50IjoicG9zdF9saW5rX3VybF9wYWdlIiwic2V0dGluZ3MiOnsicG9zdF9pZCI6IjI5NCJ9fQ==@&#8220; locked=&#8220;off&#8220; global_colors_info=&#8220;{%22gcid-8fddec47-a713-4d10-b006-5bc318290bd1%22:%91%22text_text_color%22%93,%22gcid-a6e4efe6-0bfd-474d-bd08-86e1c2388126%22:%91%22text_text_color__hover%22%93}&#8220; text_text_color__hover_enabled=&#8220;on|desktop&#8220; text_text_color__hover=&#8220;#666666&#8243;]</p>
<p><i class="fab fa-buromobelexperte fa-4x"></i><br />zurück</p>
<p>[/et_pb_text][/et_pb_column][/et_pb_row][/et_pb_section]</p>

<p>© Amt für Kulturgüter, Kanton Freiburg BauherrStadt ZürichAmt für HochbautenLindenhofstrasse 218021 ZürichTel. 044 412 11 11 ArchitektMatei Manaila ArchitektenEibenstrasse 98045 ZürichTel. 044 363 67 55 ProjektGesamtsanierung eines Schülerferienheimes mit einem Speisesaal und Atrium für max. 100 Personen, Gastroküche und 19 Mehrbett-Zimmern mit Lavabos. Im Untergeschoss sind Gemeinschaftsduschen mit Kabinen für 12 Personen, Toilettenanlagen für 6 [&hellip;]</p>
