{"id":2037,"date":"2021-11-25T14:05:22","date_gmt":"2021-11-25T13:05:22","guid":{"rendered":"https:\/\/dev.inventaire.ch\/duchein\/project\/ecole-du-sacre-coeur-estavayer-le-lac\/"},"modified":"2023-01-20T15:45:14","modified_gmt":"2023-01-20T14:45:14","slug":"schulhaus-sacre-coeur-estavayer-le-lac","status":"publish","type":"project","link":"https:\/\/www.duchein.ch\/de\/project\/schulhaus-sacre-coeur-estavayer-le-lac\/","title":{"rendered":"Schulhaus Sacr\u00e9-Coeur Estavayer-le-Lac"},"content":{"rendered":"<p>[et_pb_section fb_built=&#8220;1&#8243; _builder_version=&#8220;4.16&#8243; _module_preset=&#8220;default&#8220; global_colors_info=&#8220;{}&#8220;][et_pb_row column_structure=&#8220;3_4,1_4&#8243; _builder_version=&#8220;4.16&#8243; _module_preset=&#8220;default&#8220; global_colors_info=&#8220;{}&#8220;][et_pb_column type=&#8220;3_4&#8243; _builder_version=&#8220;4.16&#8243; _module_preset=&#8220;default&#8220; global_colors_info=&#8220;{}&#8220;][et_pb_image src=&#8220;https:\/\/www.duchein.ch\/wp-content\/uploads\/2021\/11\/site-3.jpg&#8220; title_text=&#8220;site&#8220; _builder_version=&#8220;4.16&#8243; _module_preset=&#8220;default&#8220; global_colors_info=&#8220;{}&#8220;][\/et_pb_image][et_pb_image src=&#8220;https:\/\/www.duchein.ch\/wp-content\/uploads\/2021\/11\/site-technique.jpg&#8220; title_text=&#8220;site technique&#8220; _builder_version=&#8220;4.16&#8243; _module_preset=&#8220;default&#8220; global_colors_info=&#8220;{}&#8220;][\/et_pb_image][et_pb_image src=&#8220;https:\/\/www.duchein.ch\/wp-content\/uploads\/2021\/11\/site-wc.jpg&#8220; title_text=&#8220;site wc&#8220; _builder_version=&#8220;4.16&#8243; _module_preset=&#8220;default&#8220; global_colors_info=&#8220;{}&#8220;][\/et_pb_image][et_pb_post_nav _builder_version=&#8220;4.16&#8243; _module_preset=&#8220;default&#8220; custom_css_main_element=&#8220;width: 100%!important;&#8220; global_colors_info=&#8220;{%22gcid-a6e4efe6-0bfd-474d-bd08-86e1c2388126%22:%91%22title_text_color__hover%22%93}&#8220; filter_saturate__hover_enabled=&#8220;on|hover&#8220; filter_saturate__hover=&#8220;&#8220; title_text_color__hover_enabled=&#8220;on|hover&#8220; title_text_color__hover=&#8220;#666666&#8243;][\/et_pb_post_nav][\/et_pb_column][et_pb_column type=&#8220;1_4&#8243; _builder_version=&#8220;4.16&#8243; _module_preset=&#8220;default&#8220; global_colors_info=&#8220;{}&#8220;][et_pb_blurb title=&#8220;@ET-DC@eyJkeW5hbWljIjp0cnVlLCJjb250ZW50IjoicG9zdF90aXRsZSIsInNldHRpbmdzIjp7ImJlZm9yZSI6IiIsImFmdGVyIjoiIn19@&#8220; _builder_version=&#8220;4.16&#8243; _dynamic_attributes=&#8220;title&#8220; _module_preset=&#8220;default&#8220; header_text_color=&#8220;gcid-8fddec47-a713-4d10-b006-5bc318290bd1&#8243; custom_padding=&#8220;50px||||false|false&#8220; global_colors_info=&#8220;{%22gcid-8fddec47-a713-4d10-b006-5bc318290bd1%22:%91%22header_text_color%22%93}&#8220;]<\/p>\n<p class=\"p1\"><span class=\"s1\"><b>Bauherr<\/b><\/span><span class=\"s2\"><br \/><\/span>Gemeinde Estavayer<br \/>Rue de l\u2019H\u00f4tel de Ville 11<br \/>1470 Estavayer-le-Lac<br \/>T\u00e9l. 026 664 80 91<\/p>\n<p class=\"p1\"><span class=\"s1\"><b>Architekt<\/b><\/span><span class=\"s2\"><br \/><\/span>Bart &amp; Buchhofer Architekten AG<br \/>Reu de l\u2019All\u00e9e 11<br \/>2503 Bienne<br \/>T\u00e9l. 032 365 66 65<\/p>\n<p class=\"p1\"><span class=\"s1\"><b>Projekt<\/b><\/span><span class=\"s2\"><br \/><\/span><span class=\"s2\">Bau der neuen Schule Sacr\u00e9-C\u0153ur f\u00fcr 250 Sch\u00fcler:innen. Das Geb\u00e4ude ist vierst\u00f6ckig und verf\u00fcgt \u00fcber 19 Klassenzimmer, einen Mehrzweckraum mit ca. 50 Pl\u00e4tzen und St\u00fctzr\u00e4ume. <br \/>Totalkosten CHF 20.7 mio<br \/><\/span><span class=\"s3\">Kosten Sanit\u00e4rinstallationen CHF 500&#8217;000<\/span><span class=\"s2\"><br \/><\/span><span class=\"s3\">Zeitraum 2019 &#8211; 2021<\/span><span class=\"s2\"><br \/><\/span><span class=\"s3\">Leistungen 100% SIA 108 \/ Ing\u00e9nieur sanitaire<\/span><\/p>\n<p>[\/et_pb_blurb][et_pb_text _builder_version=&#8220;4.16&#8243; _dynamic_attributes=&#8220;link_option_url&#8220; _module_preset=&#8220;default&#8220; text_text_color=&#8220;gcid-8fddec47-a713-4d10-b006-5bc318290bd1&#8243; link_option_url=&#8220;@ET-DC@eyJkeW5hbWljIjp0cnVlLCJjb250ZW50IjoicG9zdF9saW5rX3VybF9wYWdlIiwic2V0dGluZ3MiOnsicG9zdF9pZCI6IjI5NCJ9fQ==@&#8220; locked=&#8220;off&#8220; global_colors_info=&#8220;{%22gcid-8fddec47-a713-4d10-b006-5bc318290bd1%22:%91%22text_text_color%22%93,%22gcid-a6e4efe6-0bfd-474d-bd08-86e1c2388126%22:%91%22text_text_color__hover%22%93}&#8220; text_text_color__hover_enabled=&#8220;on|desktop&#8220; text_text_color__hover=&#8220;#666666&#8243;]<\/p>\n<p><i class=\"fab fa-buromobelexperte fa-4x\"><\/i><br \/>zur\u00fcck<\/p>\n<p>[\/et_pb_text][\/et_pb_column][\/et_pb_row][\/et_pb_section]<\/p>\n","protected":false},"excerpt":{"rendered":"<p>BauherrGemeinde EstavayerRue de l\u2019H\u00f4tel de Ville 111470 Estavayer-le-LacT\u00e9l. 026 664 80 91 ArchitektBart &amp; Buchhofer Architekten AGReu de l\u2019All\u00e9e 112503 BienneT\u00e9l. 032 365 66 65 ProjektBau der neuen Schule Sacr\u00e9-C\u0153ur f\u00fcr 250 Sch\u00fcler:innen. Das Geb\u00e4ude ist vierst\u00f6ckig und verf\u00fcgt \u00fcber 19 Klassenzimmer, einen Mehrzweckraum mit ca. 50 Pl\u00e4tzen und St\u00fctzr\u00e4ume. Totalkosten CHF 20.7 mioKosten Sanit\u00e4rinstallationen [&hellip;]<\/p>\n","protected":false},"author":2,"featured_media":1838,"comment_status":"open","ping_status":"closed","template":"","meta":{"_et_pb_use_builder":"on","_et_pb_old_content":"","_et_gb_content_width":"","inline_featured_image":false,"footnotes":""},"project_category":[39,34],"project_tag":[],"class_list":["post-2037","project","type-project","status-publish","has-post-thumbnail","hentry","project_category-education-de","project_category-home_bas-de"],"jetpack_sharing_enabled":true,"_links":{"self":[{"href":"https:\/\/www.duchein.ch\/de\/wp-json\/wp\/v2\/project\/2037","targetHints":{"allow":["GET"]}}],"collection":[{"href":"https:\/\/www.duchein.ch\/de\/wp-json\/wp\/v2\/project"}],"about":[{"href":"https:\/\/www.duchein.ch\/de\/wp-json\/wp\/v2\/types\/project"}],"author":[{"embeddable":true,"href":"https:\/\/www.duchein.ch\/de\/wp-json\/wp\/v2\/users\/2"}],"replies":[{"embeddable":true,"href":"https:\/\/www.duchein.ch\/de\/wp-json\/wp\/v2\/comments?post=2037"}],"version-history":[{"count":4,"href":"https:\/\/www.duchein.ch\/de\/wp-json\/wp\/v2\/project\/2037\/revisions"}],"predecessor-version":[{"id":2801,"href":"https:\/\/www.duchein.ch\/de\/wp-json\/wp\/v2\/project\/2037\/revisions\/2801"}],"wp:featuredmedia":[{"embeddable":true,"href":"https:\/\/www.duchein.ch\/de\/wp-json\/wp\/v2\/media\/1838"}],"wp:attachment":[{"href":"https:\/\/www.duchein.ch\/de\/wp-json\/wp\/v2\/media?parent=2037"}],"wp:term":[{"taxonomy":"project_category","embeddable":true,"href":"https:\/\/www.duchein.ch\/de\/wp-json\/wp\/v2\/project_category?post=2037"},{"taxonomy":"project_tag","embeddable":true,"href":"https:\/\/www.duchein.ch\/de\/wp-json\/wp\/v2\/project_tag?post=2037"}],"curies":[{"name":"wp","href":"https:\/\/api.w.org\/{rel}","templated":true}]}}

Schulhaus Sacré-Coeur Estavayer-le-Lac

<p>[et_pb_section fb_built=&#8220;1&#8243; _builder_version=&#8220;4.16&#8243; _module_preset=&#8220;default&#8220; global_colors_info=&#8220;{}&#8220;][et_pb_row column_structure=&#8220;3_4,1_4&#8243; _builder_version=&#8220;4.16&#8243; _module_preset=&#8220;default&#8220; global_colors_info=&#8220;{}&#8220;][et_pb_column type=&#8220;3_4&#8243; _builder_version=&#8220;4.16&#8243; _module_preset=&#8220;default&#8220; global_colors_info=&#8220;{}&#8220;][et_pb_image src=&#8220;https://www.duchein.ch/wp-content/uploads/2021/11/site-3.jpg&#8220; title_text=&#8220;site&#8220; _builder_version=&#8220;4.16&#8243; _module_preset=&#8220;default&#8220; global_colors_info=&#8220;{}&#8220;][/et_pb_image][et_pb_image src=&#8220;https://www.duchein.ch/wp-content/uploads/2021/11/site-technique.jpg&#8220; title_text=&#8220;site technique&#8220; _builder_version=&#8220;4.16&#8243; _module_preset=&#8220;default&#8220; global_colors_info=&#8220;{}&#8220;][/et_pb_image][et_pb_image src=&#8220;https://www.duchein.ch/wp-content/uploads/2021/11/site-wc.jpg&#8220; title_text=&#8220;site wc&#8220; _builder_version=&#8220;4.16&#8243; _module_preset=&#8220;default&#8220; global_colors_info=&#8220;{}&#8220;][/et_pb_image][et_pb_post_nav _builder_version=&#8220;4.16&#8243; _module_preset=&#8220;default&#8220; custom_css_main_element=&#8220;width: 100%!important;&#8220; global_colors_info=&#8220;{%22gcid-a6e4efe6-0bfd-474d-bd08-86e1c2388126%22:%91%22title_text_color__hover%22%93}&#8220; filter_saturate__hover_enabled=&#8220;on|hover&#8220; filter_saturate__hover=&#8220;&#8220; title_text_color__hover_enabled=&#8220;on|hover&#8220; title_text_color__hover=&#8220;#666666&#8243;][/et_pb_post_nav][/et_pb_column][et_pb_column type=&#8220;1_4&#8243; _builder_version=&#8220;4.16&#8243; _module_preset=&#8220;default&#8220; global_colors_info=&#8220;{}&#8220;][et_pb_blurb title=&#8220;@ET-DC@eyJkeW5hbWljIjp0cnVlLCJjb250ZW50IjoicG9zdF90aXRsZSIsInNldHRpbmdzIjp7ImJlZm9yZSI6IiIsImFmdGVyIjoiIn19@&#8220; _builder_version=&#8220;4.16&#8243; _dynamic_attributes=&#8220;title&#8220; _module_preset=&#8220;default&#8220; header_text_color=&#8220;gcid-8fddec47-a713-4d10-b006-5bc318290bd1&#8243; custom_padding=&#8220;50px||||false|false&#8220; global_colors_info=&#8220;{%22gcid-8fddec47-a713-4d10-b006-5bc318290bd1%22:%91%22header_text_color%22%93}&#8220;]</p>
<p class="p1"><span class="s1"><b>Bauherr</b></span><span class="s2"><br /></span>Gemeinde Estavayer<br />Rue de l’Hôtel de Ville 11<br />1470 Estavayer-le-Lac<br />Tél. 026 664 80 91</p>
<p class="p1"><span class="s1"><b>Architekt</b></span><span class="s2"><br /></span>Bart &amp; Buchhofer Architekten AG<br />Reu de l’Allée 11<br />2503 Bienne<br />Tél. 032 365 66 65</p>
<p class="p1"><span class="s1"><b>Projekt</b></span><span class="s2"><br /></span><span class="s2">Bau der neuen Schule Sacré-Cœur für 250 Schüler:innen. Das Gebäude ist vierstöckig und verfügt über 19 Klassenzimmer, einen Mehrzweckraum mit ca. 50 Plätzen und Stützräume. <br />Totalkosten CHF 20.7 mio<br /></span><span class="s3">Kosten Sanitärinstallationen CHF 500&#8217;000</span><span class="s2"><br /></span><span class="s3">Zeitraum 2019 &#8211; 2021</span><span class="s2"><br /></span><span class="s3">Leistungen 100% SIA 108 / Ingénieur sanitaire</span></p>
<p>[/et_pb_blurb][et_pb_text _builder_version=&#8220;4.16&#8243; _dynamic_attributes=&#8220;link_option_url&#8220; _module_preset=&#8220;default&#8220; text_text_color=&#8220;gcid-8fddec47-a713-4d10-b006-5bc318290bd1&#8243; link_option_url=&#8220;@ET-DC@eyJkeW5hbWljIjp0cnVlLCJjb250ZW50IjoicG9zdF9saW5rX3VybF9wYWdlIiwic2V0dGluZ3MiOnsicG9zdF9pZCI6IjI5NCJ9fQ==@&#8220; locked=&#8220;off&#8220; global_colors_info=&#8220;{%22gcid-8fddec47-a713-4d10-b006-5bc318290bd1%22:%91%22text_text_color%22%93,%22gcid-a6e4efe6-0bfd-474d-bd08-86e1c2388126%22:%91%22text_text_color__hover%22%93}&#8220; text_text_color__hover_enabled=&#8220;on|desktop&#8220; text_text_color__hover=&#8220;#666666&#8243;]</p>
<p><i class="fab fa-buromobelexperte fa-4x"></i><br />zurück</p>
<p>[/et_pb_text][/et_pb_column][/et_pb_row][/et_pb_section]</p>

<p>BauherrGemeinde EstavayerRue de l’Hôtel de Ville 111470 Estavayer-le-LacTél. 026 664 80 91 ArchitektBart &amp; Buchhofer Architekten AGReu de l’Allée 112503 BienneTél. 032 365 66 65 ProjektBau der neuen Schule Sacré-Cœur für 250 Schüler:innen. Das Gebäude ist vierstöckig und verfügt über 19 Klassenzimmer, einen Mehrzweckraum mit ca. 50 Plätzen und Stützräume. Totalkosten CHF 20.7 mioKosten Sanitärinstallationen [&hellip;]</p>
